) = 35*s**2 - 393*s - 431. Let w(j) = -2*f(j) - 17*q(j). Give w(-22).
10
Let y = -20 - -26. Let x(i) = 4*i - 23. Let w be x(y). Let o(b) = 23*b**3 + w - 22*b**3 - 8*b + b + b**2 + 5*b**2. Determine o(-7).
1
Let c(q) = 122*q - 4. Let l(n) = -10*n**2 - 61*n - 83. Let g be l(-4). Determine c(g).
118
Let s = 117 - 118. Let o be (7/(s*56))/((-2)/16). Let n(l) = 9*l + 1. Determine n(o).
10
Suppose -1432 + 1429 = 3*u. Let t be -3 + 9 - (10 - (u - 0)). Let a(x) be the second derivative of x**5/20 + x**4/4 - 7*x**3/6 + x**2 - x. Calculate a(t).
-13
Let j(z) be the third derivative of z**6/120 + z**5/15 - 5*z**3/6 - 2657*z**2. What is j(-4)?
-5
Let v(c) = c**3 - c + 5. Suppose 0 = 2*m + 4*m - 2*m. Let d be v(m). Let x(w) = 2*w**2 - 6*w - 11. Let i be x(d). Let r(f) = -f**3 + 9*f**2 + 3. Determine r(i).
3
Suppose -15*y = -11*y - 11*y - 84. Let z(s) = 5*s + 54. Determine z(y).
-6
Let z be (0 - (-94)/8) + 3/12. Let d be z/(-1 - -4)*7. Let g be (-8)/d - (-4)/14 - -2. Let v(k) = -6*k. Calculate v(g).
-12
Let c(y) = -2*y - 15. Let n be 168/20 + 12/(-30) + -3. Let z(h) = 8*h**2 - 44*h + 12. Let p be z(n). Calculate c(p).
1
Let g be 8/3*(-13 - -16). Let s(l) = -3*l**2 - l**2 + 9*l - 4 + 3*l**2. Determine s(g).
4
Let p(o) be the third derivative of -o**5/60 + o**4/2 + 11*o**3/3 + 6*o**2 - 16*o. What is p(13)?
9
Let z be 14*-2*2/(-8). Let u(a) = 4*a - 26 - 30 + 52 - 4*a**2. Let f(i) = -i**2 + 2*i - 1. Let o(b) = 5*f(b) - u(b). What is o(z)?
-8
Let a(o) = -4*o**3 - 15*o**2 + 6*o - 4. Let c(z) = -3*z**3 - 13*z**2 + 7*z - 7. Let u(b) = -2*a(b) + 3*c(b). Determine u(-10).
-3
Let p(q) = -3*q**3 - q**2. Suppose -4*k + 5*s = -6, -4*k = -2*s - 19 + 7. Suppose 3*r = -k*m - r - 16, r = m - 6. What is p(m)?
-4
Let w(q) = 5*q**2 + 4. Let t(u) = -6*u - 2*u - 2*u**2 + 12*u - 2*u. Let r(v) = 3*t(v) + w(v). Calculate r(6).
4
Suppose -5*g + 237 = -n, 5*g - 5*n + n - 228 = 0. Let c = -10 - 2. Let t be c/g - 11/4. Let d(i) = -i - 7. Calculate d(t).
-4
Let h(i) = -4*i**3 - 85*i**2 - 9*i - 73. Let t(f) = -2*f**3 - 44*f**2 - 4*f - 37. Let a(c) = -2*h(c) + 5*t(c). Give a(-25).
11
Suppose 729 = 99*p + 135. Let s(v) = -2*v**2 + 9*v - 3. Let r(h) = -10*h**2 + 45*h - 16. Let g(x) = -2*r(x) + 11*s(x). Calculate g(p).
-19
Let y(q) = 5*q**2 + 148*q + 84. Let f be ((-348)/20)/((-108)/(-180)). What is y(f)?
-3
Let s(l) = 5*l + 10. Let r(v) = -2*v**3 + 46*v**2 - 48*v + 90. Let u be r(22). Calculate s(u).
20
Let q(x) = x**3 + 2*x**2 + 3*x + 10. Suppose -72*a + 279 = -165*a. Calculate q(a).
-8
Let h(p) = 33*p**2 + 3*p + 8. Let q(d) be the first derivative of 11*d**3/3 + d**2/2 + 3*d - 6. Let y(i) = -4*h(i) + 11*q(i). Give y(1).
-11
Let z(x) be the first derivative of x**4/4 + 5*x**3/3 + x**2/2 + 7*x + 769. What is z(-5)?
2
Let a be (20/1)/5 + 0 - 2. Let i(v) = 2*v**2 + v - 3*v**a - 17 + 29 - 14. Determine i(3).
-8
Let c(q) = -12*q. Let l = -53 - -68. Suppose l*z + 2 = 2. Suppose -12 = -2*f - 5*k, -f + 3*f + 4*k - 10 = z. Determine c(f).
-12
Let u(n) = 57 + n**3 + 41 + 53*n**2 - 24*n**2 - 9*n - 36*n**2. Give u(6).
8
Let w be (((-816)/(-15))/17)/((-1)/(-55)). Let g(i) = 5*i**2 - 9*i - 3*i**2 + 183 - i**2 - w. What is g(6)?
-11
Let z(x) = x**3 + 3*x**2 + x. Suppose 4 = 2*f + 2*m - 94, -3*f - 2*m = -145. Let l be -1 - -56 - (-21 - -26). Let d = f - l. What is z(d)?
-3
Suppose -11*s = -9*s - 306. Suppose 5*w + 4*y - 189 = 0, 3*w + 42 = -3*y + s. Suppose -42*l + 6 = -w*l. Let t(k) = -k**3 + 6*k**2 - k + 1. Give t(l).
-5
Let q(b) = 34631*b**2 + 11*b - 34629*b**2 + 4 - 16. Determine q(-6).
-6
Let k(m) = m**3 + 12*m**2 + 10*m + 15. Let g = -7362 - -7350. Calculate k(g).
-105
Let a(j) = 2*j + 2 + 2*j - 3*j. Let k(s) = s**3 + 2*s**2 + 10*s + 6. Let p(o) = -o**2 + 2*o + 1. Let q(w) = k(w) - 2*p(w). Let g be q(-2). Give a(g).
2
Let o(h) = 38*h**3 - h**2 - 14 + 11*h - 36*h**3 + 21 - 15*h. What is o(3)?
40
Let j(z) = 0*z - 441 + 50*z + 443. Let o(g) = -28*g - 1. Let d(q) = -4*j(q) - 7*o(q). What is d(2)?
-9
Let f = 178 - 185. Let o(y) = -8*y**2 + 11*y + 19. Let m(n) = -7*n**2 + 10*n + 17. Let c(j) = f*m(j) + 6*o(j). Calculate c(6).
7
Let f(d) = -60*d - 514. Let x(y) = -5*y + 6. Let o(n) = f(n) - 10*x(n). Give o(-56).
-14
Let j(k) = 4*k - 26 + 12 - 5*k + 6 + 11. Calculate j(15).
-12
Let l(g) be the second derivative of g**3/2 + 2*g. Let f = -1902 + 1903. Let q(h) = -h - 1. Let u(m) = f*l(m) + 4*q(m). Give u(-6).
2
Suppose 17 = 3*y - 13. Suppose 0 = y*v + v - 33. Let l(n) = -3*n - 19 + n + v*n + 6*n**3 + 18. Calculate l(1).
6
Let l(o) = o**3 + 21*o**2 + 51*o - 48. Suppose -42*r - 1690 + 934 = 0. Calculate l(r).
6
Let f(d) = 23*d - 190. Let u(l) = 390*l - 3240. Let v(o) = -35*f(o) + 2*u(o). Give v(6).
20
Let h(t) = -t**2 + 19*t + 213. Let a be (66/99)/((-2)/324*-4). Determine h(a).
-3
Let g(t) = -7 - 3*t**3 - 3*t**2 + 2*t**3 + 8 + 3*t + 2. Let n be (14/(-4) - -1)*-4. Suppose -n*u + 60 = -25*u. Give g(u).
7
Let t be 25648/(-756) + 34 + (-160)/(-27). Let s(p) = 2*p**3 - 14*p**2 + 12*p + 2. What is s(t)?
2
Let l = 27 + -25. Suppose 0 = -l*r + 61 + 5. Suppose -3*k + r = -2*j, -j = -3*k - 3*j + 21. Let o(n) = -n**2 + 10*n - 1. Calculate o(k).
8
Let b(n) = -7*n + 1. Let f(l) = l**3 + 6*l**2 - 20*l - 18. Let i be f(-8). Give b(i).
-97
Let y be ((-145)/(-15) - 10)/(98/24 - 4). Let s(l) = -17*l - 59. Determine s(y).
9
Let a(w) = 3*w**3 - w**2. Let j be a(1). Let s(r) be the third derivative of -1/40*r**6 - 1/24*r**4 + 4*r**2 + r + 0 + 1/15*r**5 - 1/3*r**3. What is s(j)?
-12
Let k(q) = 21*q + 657. Let s be k(-32). Let d(m) = 16*m + 243. What is d(s)?
3
Let u be -3 + (-4 - -9) + -3. Let s(f) = f**3 - 5*f**2 + 7*f + 6. Let c(d) = -3*d**3 + 6*d**2 - 8*d - 7. Let m(a) = -5*c(a) - 6*s(a). Give m(u).
-8
Let l(w) = 22*w + 391. Let y(r) = 10*r + 179. Let k(q) = -11*l(q) + 24*y(q). Let j(o) = o**3 - 4*o**2 + 2*o - 3. Let n be j(4). What is k(n)?
-15
Let m(t) = -t**3 - 4*t**2 - 3*t - 10. Let u be m(-4). Let s(d) = 9*d + 7 - 457*d**u + 1 + 456*d**2. Determine s(9).
8
Let q(w) = -w**3 - w - 26. Let p = 19 - 8. Let o be 63/630 + (p/(-10) - -1). What is q(o)?
-26
Let u(a) = a**2 - 7*a - 4. Suppose j = -5*l + 5, 77 = 5*j - 0*j - l. Suppose q - j*i + 17*i = 2, 3*q - 16 = -i. Give u(q).
-10
Let a(c) = c - 479 + 120 + 119 + 120 + 114 - 6*c + c**2. Let m be 1 - (-2 + 4) - -6. Give a(m).
-6
Let k be 4 - (0 - (3 - 3)). Let y(o) = 99*o - 105*o - 6*o**2 + 5*o**2 - k. Suppose 0 = g - 5 + 9. Calculate y(g).
4
Let c(j) = -j**3 + 10*j**2 + j + 4. Let z(d) = 39*d + 239. Let l be z(-6). Suppose l*w - 3 - 47 = 0. Calculate c(w).
14
Let i = 311 - 575. Let y = i + 266. Let j(s) = 6*s**2 - 3*s + 1. What is j(y)?
19
Let g(t) = 48*t**2 + 24*t - 139 + 113 - 46*t**2. Calculate g(-13).
0
Let q(f) = -2*f**3 + 6*f**2 + 2*f**3 + 3*f + f**3 + 5. Let b be (-25 - -128) + -97 - 11*1. What is q(b)?
15
Let h(d) = -2 - 4*d - 3*d - d**2 + 2*d. Let m(z) = -z**2 + 99*z + 9537. Let b be m(-60). What is h(b)?
4
Let i(s) = -7*s**3 + 6*s**2 + 7*s + 3. Let d(h) = 10*h**3 - 4*h**2 - 7*h - 13. Let f(t) = 2*d(t) + 3*i(t). Give f(11).
-61
Let k(n) = -n**2 + 7*n + 5. Let l be k(8). Let x(d) = -76*d**2 + 4*d + 1. Let p(u) = 177*u**2 - 9*u - 2. Let o(b) = 3*p(b) + 7*x(b). Give o(l).
-11
Let n(p) = -p - 23. Let l be -24 + (1 - 10)*(-48)/108 + 4. Calculate n(l).
-7
Let h(v) = 192*v**2 - 196*v**2 - 3*v**3 + 4*v + 2*v**3. Let w(y) = y**3 - 5*y**2 - 6*y - 5. Let r be (-18)/(-3)*(-2)/(-2). Let l be w(r). What is h(l)?
5
Suppose 3*s - 15 = -3*l, -7*l + 4*l = 2*s - 13. Suppose -a + 1 = 3*n, -11 = l*a - 3*n - 2. Let v(p) = -p**3 - 4*p**2 - 3*p - 3. Give v(a).
-5
Suppose 3*y = 4*q + 25, 34*q = y + 36*q - 5. Let w(r) = -3*r**2 - 3 + 5*r - 3 + 2*r**2 + 9. What is w(y)?
-11
Suppose 12*r - 7 = 11*r - 3*k, 4*r + 2*k = -2. Let u(w) = 2*w**2 - w - 8. What is u(r)?
2
Let k(q) = -q**3 + 8*q**2 - 11*q - 11. Suppose 23*r + 4438 = 4576. What is k(r)?
-5
Let n = -15173 - -15167. Let k(o) = -o**3 - 4*o**2 + 13*o + 2. Calculate k(n).
-4
Let f(j) = -j**2 - j - 7. Let p(h) = 7*h**2 + 26*h + 53. Let x(c) = -5*f(c) - p(c). What is x(-9)?
9
Let p(h) = 2*h**2 + 4*h + 20. Let x be ((-1)/(-3)*-5)/((-61)/(-183)). Let n(g) = g**2 + 3*g + 9. Let b(f) = x*n(f) + 2*p(f). Calculate b(-7).
-5
Suppose -5*y = -3*u + 1368, -289 + 1675 = 3*u + y. Let p(m) = -921*m + 459*m + u*m. Give p(-4).
4
Suppose -5*c + 3 = 4*t, -2 + 7 =